 highest common divisor of 4 and 4005684.
4
What is the highest common factor of 384 and 6978504?
24
What is the highest common divisor of 985210 and 33690?
10
Calculate the greatest common divisor of 408 and 7086.
6
What is the greatest common divisor of 54 and 13933278?
18
What is the greatest common factor of 375 and 4816860?
15
Calculate the greatest common divisor of 102900 and 9019332.
588
Calculate the greatest common factor of 19533 and 1191.
3
What is the greatest common divisor of 2313 and 10639543?
257
What is the highest common divisor of 365570 and 488585?
695
What is the highest common divisor of 17485227 and 12424?
1553
What is the highest common divisor of 69552 and 193959?
207
What is the greatest common divisor of 899 and 57040?
31
Calculate the highest common divisor of 80871 and 357.
21
What is the highest common divisor of 876 and 849621012?
876
What is the greatest common factor of 53100 and 52628?
236
Calculate the highest common divisor of 1377 and 3024351.
459
Calculate the greatest common factor of 2542 and 7297344.
82
What is the greatest common factor of 48032146 and 591?
197
What is the greatest common factor of 4905729 and 3144240?
3573
What is the highest common factor of 34 and 94601668?
34
Calculate the greatest common factor of 154 and 808247.
11
What is the highest common factor of 140358 and 103108?
298
Calculate the highest common factor of 1362951995 and 2985.
995
What is the greatest common divisor of 12789 and 13412819?
1421
What is the highest common factor of 5974 and 1893874?
58
What is the greatest common divisor of 16779661 and 232?
29
Calculate the highest common divisor of 53 and 53618351.
53
Calculate the greatest common factor of 23853 and 529449139.
7951
What is the greatest common factor of 24 and 13108468?
4
Calculate the highest common divisor of 25039 and 300687.
73
Calculate the highest common divisor of 38479 and 19481.
161
Calculate the highest common factor of 731158460 and 20.
20
Calculate the greatest common divisor of 32167701 and 9.
9
Calculate the highest common divisor of 3069606 and 618.
618
What is the highest common factor of 20758 and 1029946?
194
Calculate the greatest common divisor of 560 and 25951345.
35
Calculate the highest common factor of 788854 and 10626.
506
Calculate the highest common factor of 45 and 264208140.
45
What is the highest common factor of 43904 and 20692?
28
What is the highest common factor of 1365277 and 200681?
359
Calculate the highest common divisor of 4927065 and 156.
39
What is the highest common divisor of 426162 and 2344254?
726
What is the greatest common factor of 321368 and 668168?
2312
Calculate the highest common divisor of 88 and 70936.
8
What is the highest common factor of 8192349 and 7387?
83
Calculate the highest common divisor of 314 and 622234646.
314
Calculate the highest common divisor of 2697921 and 243.
27
What is the highest common divisor of 121293891 and 513?
171
What is the highest common divisor of 123646 and 33338?
422
Calculate the greatest common divisor of 1 and 100868107.
1
Calculate the greatest common factor of 4360 and 375396.
436
What is the greatest common factor of 246816 and 21258?
18
What is the greatest common factor of 463 and 71524703?
463
What is the greatest common factor of 3370 and 53945275?
1685
What is the highest common divisor of 5056 and 63071072?
2528
What is the highest common factor of 2612 and 6856?
4
Calculate the greatest common factor of 3198 and 505038.
246
What is the highest common factor of 757515 and 467115?
165
What is the highest common divisor of 47 and 10313?
1
What is the highest common factor of 957007 and 21413?
23
Calculate the greatest common factor of 20769 and 9616950.
903
What is the highest common factor of 25029 and 2370339?
927
Calculate the greatest common factor of 317300 and 13528.
76
Calculate the highest common factor of 106 and 232583557.
53
Calculate the highest common factor of 1182 and 30152229.
591
Calculate the greatest common factor of 1681266 and 51357.
2703
What is the highest common factor of 222612 and 19500?
156
Calculate the greatest common divisor of 38 and 3049994.
38
What is the highest common divisor of 19763450 and 175?
175
Calculate the highest common divisor of 34 and 14716594.
34
What is the highest common factor of 24196 and 111961204?
1052
Calculate the greatest common divisor of 4180 and 3796804.
44
What is the greatest common factor of 4620 and 1268243130?
2310
Calculate the greatest common factor of 3761982 and 1323.
63
What is the highest common factor of 1798 and 154797012?
1798
What is the greatest common divisor of 12 and 18515892?
12
What is the greatest common divisor of 6156 and 5499436?
76
Calculate the greatest common factor of 1441181 and 4767.
7
What is the highest common divisor of 92172 and 4548?
12
Calculate the greatest common divisor of 51 and 17626858.
17
What is the highest common factor of 28691750 and 1256?
314
What is the highest common factor of 116265 and 187680?
345
Calculate the highest common divisor of 16 and 499225952.
16
Calculate the highest common divisor of 14 and 12297670.
14
Calculate the greatest common factor of 182146 and 37027.
61
Calculate the highest common factor of 9569 and 679.
7
Calculate the highest common divisor of 19995 and 209367.
129
Calculate the highest common factor of 58 and 18068189.
29
What is the highest common factor of 289 and 2909839?
17
Calculate the highest common divisor of 32079 and 126429.
1887
What is the greatest common divisor of 18610344 and 24273?
783
Calculate the greatest common divisor of 52038 and 101799.
9
Calculate the highest common factor of 240 and 12186480.
240
What is the highest common factor of 418 and 5515796?
22
Calculate the greatest common factor of 11485610 and 690.
10
What is the highest common factor of 27387 and 1025559?
153
Calculate the greatest common factor of 15693939 and 9102.
123
What is the highest common divisor of 6903 and 3931317?
117
What is the greatest common factor of 388 and 179973412?
388
Calculate the highest common divisor of 139665 and 35985.
15
Calculate the highest common factor of 75065575 and 1417.
1417
Calculate the highest common divisor of 3193 and 410409.
31
Calculate the greatest common divisor of 32760 and 15358770.
630
What is the greatest common factor of 3381 and 73101630?
147
What is the greatest common factor of 5179923 and 2457?
189
What is the highest common factor of 369153 and 117?
9
Calculate the greatest common divisor of 17128481 and 19.
19
What is the highest common divisor of 242 and 47059870?
22
Calculate the highest common divisor of 110360 and 3296560.
3560
Calculate the highest common factor of 55125 and 7791.
147
What is the greatest common factor of 594 and 1065438?
198
Calculate the greatest common factor of 36 and 289977528.
12
What is the greatest common factor of 185009 and 2228865?
139
What is the greatest common factor of 33638 and 892936?
3058
What is the greatest common divisor of 5224087 and 77?
11
What is the greatest common factor of 9282 and 89439?
21
What is the highest common divisor of 43024075 and 14575?
1325
What is the greatest common factor of 19 and 568084591?
19
What is the highest common factor of 1512 and 459949320?
216
What is the highest common factor of 54 and 1659555?
27
What is the highest common factor of 93808 and 242464816?
7216
What is the greatest common divisor of 661601088 and 108?
108
Calculate the highest common factor of 1057699728 and 36.
36
Calculate the highest common factor of 2340 and 1102985.
65
Calculate the highest common factor of 16 and 5020218176.
16
Calculate the greatest common factor of 61040 and 560.
560
Calculate the highest common divisor of 46127385 and 765.
45
What is the highest common factor of 127991 and 745?
149
What is the greatest common divisor of 1428 and 188391?
21
What is the highest common divisor of 722250978 and 236?
118
Calculate the greatest common divisor of 54 and 43834275.
9
What is the greatest common divisor of 65762 and 393?
131
What is the greatest common divisor of 6510 and 4112088?
186
Calculate the highest common factor of 7203 and 2508457.
49
What is the highest common divisor of 9976670 and 33?
11
Calculate the grea